 c?
3, 7
Let v(t) = -3309*t - 110. List the prime factors of v(-5).
5, 19, 173
Suppose -11*z + 290424 = -25837. List the prime factors of z.
28751
Suppose b = n, -n + 4*b = 6 - 0. Let s(l) = 310*l**2 - 22*l - 6 + 2 - 306*l**n. List the prime factors of s(6).
2
Let y = 45 - 48. Let c(t) = -t**3 - 5*t**2 - 7*t. Let l be c(y). Suppose -190 = -l*k + 17. List the prime factors of k.
3, 23
Let j(p) = 2*p**2 + 1029. Let g be j(0). Let x = g - 718. What are the prime factors of x?
311
Let j be 4/(-12)*(2/(-1) - 7). Let h be (6 + 0)/j + 1. Suppose -50 = -2*a + a + 4*d, -5*d = -h*a + 136. List the prime factors of a.
2, 3, 7
Let x(t) = -t**3 - 9*t**2 + 2*t + 7. Let m be x(-10). Let k = m + 286. What are the prime factors of k?
373
Suppose 3*q = -w + 112, -w + 220 = w + 2*q. Let j be (w/3*-1)/(21/(-126)). Suppose 2*c + 0*c = j. What are the prime factors of c?
109
Let g(v) = 3*v + 44. Let s(f) = -f - 22. Let i(z) = -2*g(z) - 5*s(z). Let c be i(7). Let u(l) = 11*l - 14. What are the prime factors of u(c)?
151
List the prime factors of (8 + ((-924)/(-35) - -6))/(1/805).
2, 7, 23, 101
What are the prime factors of 441 - 425 - 27591/(-1)?
19, 1453
Suppose 1213*f = 1236*f - 151570. List the prime factors of f.
2, 5, 659
Let c = -3160 - -19. Let f = c + 4416. What are the prime factors of f?
3, 5, 17
Suppose 4*t - 13153 - 30879 = -4*n, 5*n = -4*t + 44038. What are the prime factors of t?
2, 5501
Let j be (1/3)/(8/72). Suppose u = -o + 697, -j*o = -2*o + 3*u - 691. What are the prime factors of o?
2, 5, 7
Let s(l) = 20*l**3 + l**2 + 46*l + 57. List the prime factors of s(11).
2, 3413
Let r be 154/(-2)*(4 - 5). Suppose -23 - 45 = 2*m. Let f = m + r. List the prime factors of f.
43
Let a be -6*(5/3 + -3). Suppose -a = -x - 3*x. Suppose -2*q + 110 = p - 2*p, -5*q + x*p + 274 = 0. What are the prime factors of q?
2, 3
Let a = -501 + 510. Suppose 0 = -a*m + 411 + 2253. List the prime factors of m.
2, 37
Let y(h) = 22*h + 1068. Suppose 2*d - 3*v - 12 = 0, 0 = -3*v + 1 - 13. List the prime factors of y(d).
2, 3, 89
Suppose b - 305 = -3*g, -4*g - g + 1525 = 5*b. What are the prime factors of 122/b - (-3343)/5?
3, 223
Suppose -110025 = -25*x + 41750. List the prime factors of x.
13, 467
Let y(g) = g**3 + 7*g**2 + 7*g - 4. Let x be y(-6). Let n be (x - 1) + (9 - 10). Let c(m) = 3*m**2 + 27*m + 7. What are the prime factors of c(n)?
5, 23
Let s = -5938 + 5917. Let j(x) = 9*x**2 + 22*x - 79. Let b(k) = -4*k**2 - 11*k + 40. Let a(i) = -7*b(i) - 3*j(i). List the prime factors of a(s).
167
Let c = -801 - -1448. Let s = 1006 + c. List the prime factors of s.
3, 19, 29
Let o(u) be the second derivative of -u**4/6 - 25*u**3/3 - 25*u**2/2 + 3*u. Suppose -3735*a + 120 = -3741*a. What are the prime factors of o(a)?
5, 7
Suppose 2558 + 484 = -13*n. Let k = -227 - n. List the prime factors of k.
7
Let z(r) = -64*r**3 + 9*r**2 - 72*r - 438. What are the prime factors of z(-6)?
2, 3, 2357
Let m = 28 - 24. Suppose -5*k = -3*y, 2*k + m = 2*y - 0*y. Suppose -2*r + y*i = -17, 4*r = i - 3*i + 70. What are the prime factors of r?
2
What are the prime factors of (-13)/((-150)/350 - 5252/1470 - -4)?
3, 5, 7, 13
What are the prime factors of 1102162/41 + (1 - 3)?
2, 3, 5, 7
Let p = 170 + -92. Suppose 4*l - 3*l = 0. Suppose -y - 8 + p = l. List the prime factors of y.
2, 5, 7
Let f(q) = -2 + 4*q + q + 0*q. Let d be (4/(-34) + (-105)/119)*-5. List the prime factors of f(d).
23
Suppose 0 = -4*n + 5*g + 11171, -11178 = -4*n - 10*g + 8*g. What are the prime factors of n?
2, 11, 127
Let v(z) = 2171*z**3 + 4*z**2 - 8*z + 3. List the prime factors of v(1).
2, 5, 7, 31
What are the prime factors of (400036/((-338)/13))/(1/(-2))?
2, 7, 157
Suppose 21*l - 18*l = 3. Let n(g) = 7*g**3 - g**2 - 2*g. What are the prime factors of n(l)?
2
Suppose -17*h = -6*h + 9669. Let o = -187 - h. List the prime factors of o.
2, 173
Suppose -68*u + 66*u + 160 = 0. Suppose -l - 25 = -u. Let d = 51 + l. List the prime factors of d.
2, 53
Suppose 2*t + 2*j - 34314 = 0, -5*t + 8*j - 7*j + 85761 = 0. What are the prime factors of t?
17, 1009
Suppose 63409 = 308*m - 303*m + 4*y, 2*y - 2 = 0. List the prime factors of m.
3, 1409
Suppose m + 4*m = m. Suppose 4*v + 35 - 39 = m. What are the prime factors of (12 - 8) + 202*v?
2, 103
List the prime factors of (-1 - (-5)/(-4))/(195/(-1959360)).
2, 3, 157
Let g(d) = -4*d**2 - 5*d**2 - 5*d**3 + 8*d**3 - 5 - d**3 - 17*d. What are the prime factors of g(8)?
307
List the prime factors of 174745/(-20)*(-30)/35*(-112)/(-24).
34949
Let z(c) = 371*c**2 - 206*c + 1603. What are the prime factors of z(8)?
13, 1823
List the prime factors of 25/(3 + 2) - -3950.
5, 7, 113
Let o(j) = 21*j - 42. Let c be ((-36)/15)/(39/(-130)). List the prime factors of o(c).
2, 3, 7
Let v(y) = -y**2 - 16*y - 3. Let m(f) = -f**3 + 14*f**2 - 11*f + 2. Let i be m(13). Let u = i + -35. What are the prime factors of v(u)?
2, 3, 5
Let w(t) = -15*t + 6. Let q be w(0). Suppose 1 - q = -2*j + f, -f - 1 = 0. List the prime factors of j.
2
Suppose 2*k - h = 1211 + 18727, 4*h - 16 = 0. What are the prime factors of k?
13, 59
Let w = -9318 + 18783. List the prime factors of w.
3, 5, 631
Let n = 875 - 882. Let j(t) = -2*t**3 + 18*t**2 + 4*t - 15. List the prime factors of j(n).
5, 61
List the prime factors of 5/((-40)/(-72)) + 8578 + -2.
5, 17, 101
Let o be (-9)/1 + 36/(-9). Let g be 15 + o + 2 + 3. Let q = 17 - g. List the prime factors of q.
2, 5
List the prime factors of 3/(3/5) - (-1704 - 17).
2, 863
Let t(i) = -417*i - 44. Let n be (-132)/(-33) + 2*-3. What are the prime factors of t(n)?
2, 5, 79
Let k be (360/14)/((-34)/(-595)). Suppose -2*u + 4*s = 92 - k, 3*u = 5*s + 533. List the prime factors of u.
3, 19
Suppose -2*z - 4746 = 2*m - 22742, -3*m = z - 27000. What are the prime factors of m?
9001
Suppose 0 = 66*c - 63*c - 4812. What are the prime factors of c?
2, 401
Let l be (-90 + (-35)/7)/((-1)/35). Let r = l + -2280. Suppose -5*x - 2*w = -r, 3*w = -2*x + 5*w + 418. What are the prime factors of x?
11, 19
Let d(t) = 27*t - 84. Let r(n) = -27*n + 86. Let v(h) = 5*d(h) + 4*r(h). What are the prime factors of v(23)?
5, 109
Let f(q) = 42*q + 5. Let t be f(0). Suppose -5*x + 8*u = 3*u - 2605, -2*x + t*u = -1045. What are the prime factors of x?
2, 5, 13
Suppose -12707 + 1230 = -4*o + 5*k, -3*o = 5*k - 8564. Suppose -5*h = 2*z - o, 2*h = -24*z + 21*z + 1143. List the prime factors of h.
3, 191
Let w(h) = -16*h + 111. Let d be w(18). Let l = 194 + d. What are the prime factors of l?
17
Suppose 42*s + 50 = 40*s. List the prime factors of 12/30 + (-28215)/s.
1129
Let m(y) be the first derivative of -y**4/2 - y**3 + 5*y**2/2 - 28*y + 55. List the prime factors of m(-5).
2, 61
Let d = 3380 + -3220. List the prime factors of d.
2, 5
Let d(l) = -l**2 + 19*l + 67. Let z be d(22). Let m(a) be the second derivative of 3*a**5 + a**4/6 - a**3/6 - a**2/2 + 2*a. What are the prime factors of m(z)?
2, 3, 5
Let w(y) = -245*y**3 + y**2 - 4*y - 1. Let u be w(-2). List the prime factors of u/(-18)*-2*(-3)/(-3).
3, 73
Let k(i) = 29*i + 170. Let g be k(36). Suppose -2*s + g = 5*d, 0 = 4*d + 3*s - s - 970. List the prime factors of d.
2, 61
Let t = -18880 + 25027. What are the prime factors of t?
3, 683
Let m(t) = -t**3 - 8*t**2 - 8*t - 3. Let w be m(-7). Let b(r) be the first derivative of 23*r**2 - 21*r + 74. What are the prime factors of b(w)?
163
Let k = -3732 - -8946. What are the prime factors of k?
2, 3, 11, 79
What are the prime factors of (-1*(-1 + 5))/((-58)/399533)?
2, 23, 599
Let x(a) = -4*a**3 - 7*a**2 + 57*a + 116. What are the prime factors of x(-25)?
2, 53, 67
Suppose 176 = 6*j - 184. List the prime factors of (-15)/j + 3570/8.
2, 223
Let y be -5 - 3/(-2)*(-4)/3. Let s(b) = b + 68. Let k be s(y). Suppose k - 19 = j. What are the prime factors of j?
2, 3, 7
List the prime factors of (-2221037)/(-182) - 3/(-6)*-3.
2, 6101
Suppose -4*g - 15728 = -3*c + 12400, -18751 = -2*c + 3*g. What are the prime factors of c?
2, 5, 7, 67
Suppose -i + 5*n = -371, 0 = 3*i + 2*n - 170 - 926. What are the prime factors of i?
2, 3, 61
Suppose 2*g = 5*w + 123498, 153*g + 247036 = 157*g - 5*w. What are the prime factors of g?
19, 3251
Let n = -11074 + 18784. What are the prime factors of n?
2, 3, 5, 257
Suppose -10 = -2*w + 3*w + 5*u, 4*u = -5*w + 34